e factors of l.
2
List the prime factors of (-2)/4 - (723/(-2) - -2).
359
Let k be (1/2)/((-2)/(-24)). Let z = 18 + -16. Suppose 0*r - k = -z*r. What are the prime factors of r?
3
List the prime factors of (24/(-16))/(3/(-274)).
137
Let l(v) be the first derivative of v**4/12 - 5*v**3/6 + 2*v**2 + 2*v + 1. Let n(m) be the first derivative of l(m). What are the prime factors of n(5)?
2
Suppose f = 2*f + 5, 2*q = 4*f + 26. Let h(u) = u + 5. Let r be h(5). Suppose 5*n - 56 = -3*a, q*n - 14 - r = -a. List the prime factors of a.
2, 3
Suppose 3190 - 682 = 11*b. What are the prime factors of b?
2, 3, 19
Let b be 244/(-10) - 12/(-30). Let d(t) = -7*t. Let a be d(6). Let r = b - a. List the prime factors of r.
2, 3
Let c(p) = p**2 - 10*p + 8. Let z be c(9). Let b = 7 + z. What are the prime factors of b?
2, 3
Let r be 0*(2/(-4) + 0). Let d be (-3 - r) + 1 - -8. Suppose -5*b + d = -2*b. What are the prime factors of b?
2
Let p(u) = 2*u - 7. Let i be p(7). Suppose -3*h = -8 - i. Suppose 0 = -h*x + 4*x + 11. What are the prime factors of x?
11
Suppose -3*a + 220 = -5*d, -2*d = -3*a - 41 + 264. List the prime factors of a.
3, 5
Let g(l) = -l**3 - 10*l**2 - 8*l - 8. List the prime factors of g(-10).
2, 3
Let p(q) = -q**3 + 9*q**2 + q - 7. Let z be p(9). Suppose 3*y + z - 8 = 0. Suppose -y*f = -35 + 11. What are the prime factors of f?
2, 3
Let a = -50 - -136. What are the prime factors of a?
2, 43
Suppose 4*a - 155 = 3*l, 97 = 2*a + 4*l + l. What are the prime factors of a?
41
Suppose 661 = 2*p + 3*h, 0*h - 3 = 3*h. What are the prime factors of p?
2, 83
Let o(r) = r + 9. Let p be o(-6). Suppose 4*a = -5*v + 23, -8 = p*a - 5*v + 1. What are the prime factors of a?
2
Let j be (3 - 1)*(-21)/14. List the prime factors of (-1)/(j/(102 - -3)).
5, 7
Suppose 2*f + 2 = 2*i, -4*i + 2*i + 8 = f. Suppose -5*j + i*j = -32. What are the prime factors of j?
2
Let y(t) = t + 1. Let w be y(-1). Let g = 0 - w. Suppose 4*b - 5*u - 26 = g, u = b + 3*u. What are the prime factors of b?
2
Suppose 5*p = 55 - 15. What are the prime factors of p?
2
Suppose 3*g = 6*g + 12. Let s(p) be the third derivative of p**6/120 + p**5/10 + p**4/4 + p**3 - 9*p**2. What are the prime factors of s(g)?
2, 7
Let q be -2 - (-191 + (1 - -2)). List the prime factors of q/8 + 1/(-4).
23
Suppose 5*f = -p + 155, 112 = 2*p + f - 225. List the prime factors of p.
2, 5, 17
Let c = -3 + 5. Let w = 6 - -7. Let t = w + c. List the prime factors of t.
3, 5
Suppose 0 = -4*d - 2*g + 7*g + 396, -g = -2*d + 198. What are the prime factors of d?
3, 11
Let t(s) = s**3 + 13*s**2 + 8*s + 19. List the prime factors of t(-9).
271
Let m(y) = -y**2 + 5*y - 3. Let p be m(3). Let o be 4/(-6)*51/(-2). Let t = o - p. What are the prime factors of t?
2, 7
Let h(s) = -s**3 + 3*s**2 + 3*s + 1. Let c be h(-3). Suppose 4*w - c = 10. What are the prime factors of (-99)/(-21) - (-4)/w?
5
What are the prime factors of (-9188)/(-44) + ((-6)/(-33) - 0)?
11, 19
List the prime factors of 2/(-4) + 21/2.
2, 5
Let l be (7 - (-1 - -5)) + 2. Let p(a) = 20*a**2 - 23*a - 21. Let f(n) = -7*n**2 + 8*n + 7. Let i(d) = 17*f(d) + 6*p(d). List the prime factors of i(l).
2
Suppose 0 - 14 = -3*d + j, 5*d - 29 = -4*j. Suppose 2*s + 4*o = -18 + 68, d*o = -4*s + 91. List the prime factors of s.
19
Suppose -5*v = -v - 52. Suppose -o - h - v = -5*h, -o = h - 7. What are the prime factors of o?
3
Let w = -25 - -42. What are the prime factors of w?
17
Suppose 0*w = 2*w - 2. Suppose -1 = -p + w. Suppose p*t + 4*v = 0, 0*t + 4*t = -2*v + 18. What are the prime factors of t?
2, 3
Let k = 34 - 12. Suppose 5*n + k = 72. What are the prime factors of n?
2, 5
Suppose 6 - 1 = -5*h. What are the prime factors of (h - 1) + (41 - 12)?
3
Suppose x = -0*x. Let g = 10 + -6. Suppose 3*y = -g*k + 29, x*k - 15 = -y - 4*k. What are the prime factors of y?
7
Suppose -5*a - 4*r - 2 = 0, -3*a = -r - 1 - 8. Suppose 0 = -a*l + 3*g + 21 + 10, 23 = l - 4*g. What are the prime factors of l?
11
Suppose -12 = -r - r. Let x be (4/(-8))/((-1)/r). Suppose 0 = -4*d - x*m, 2*m + 6 = -2. What are the prime factors of d?
3
List the prime factors of -4*(-3)/42 - 6924/(-21).
2, 3, 5, 11
Let o(n) = -n**3 + n**2 + 6. Let m(z) = 2*z**2 - z. Let j(v) = 3*v**2 - 2*v. Let l(r) = -3*j(r) + 5*m(r). Let h be l(0). List the prime factors of o(h).
2, 3
Let t(u) = 1 + 2*u - 1. Let j be t(6). Suppose d = -m - 2*m + j, -d = 5*m - 18. What are the prime factors of m?
3
Suppose -2*a + 0*a + 5*j = -13, -a = -2*j - 5. What are the prime factors of (3 - -2) + (1 - a)?
7
Suppose 0*d - 360 = -5*d. List the prime factors of d.
2, 3
Let x be 3/(-9) + (-1)/(-3). Let l = x + 7. List the prime factors of l.
7
Suppose -5*f + 52 = -f. Suppose z + f = 5*i, -22 = -3*z + 2*z - 2*i. List the prime factors of z.
2, 3
Let n be -3*(-2)/((-6)/(-5)). Let c be ((-4)/n)/(4/(-20)). Suppose 2*m - 2 = z, -2*m - c*z - 3 + 15 = 0. What are the prime factors of m?
2
Suppose 6 = s - 2. Let c = 13 + s. List the prime factors of c.
3, 7
Let y(r) = -5*r + 6. List the prime factors of y(-8).
2, 23
Let k(o) = -o**2 + 11*o - 3. Let p be k(10). List the prime factors of ((-2)/p)/((-1)/119).
2, 17
Let d = 7 + 37. List the prime factors of d.
2, 11
What are the prime factors of -1*((-580)/(-30))/(2/(-3))?
29
Let o(m) = -m**3 - 5*m**2 - 2*m - 2. What are the prime factors of o(-5)?
2
List the prime factors of -6 + 4 + 2 + 116.
2, 29
List the prime factors of 14*57/12*2.
7, 19
Let t(g) = -7*g + 15. What are the prime factors of t(-8)?
71
Suppose -3*c + 23 = -2*c. Let y = 28 - c. What are the prime factors of y?
5
Let x = 23 + -15. What are the prime factors of x?
2
Let w = 28 + 45. List the prime factors of w.
73
Let d(h) = h**2 + h - 4. Let z be d(-3). Suppose -5*w - 4*k + 1 + 8 = 0, 3*k = -z*w - 2. List the prime factors of w.
5
Let o(y) = y + 4. Let m be o(-2). Suppose -m*d - 2 = -3*d. List the prime factors of d.
2
Let a = 69 + -37. Let t = a - 17. List the prime factors of t.
3, 5
Let f be 8/(-36) + 272/9. Suppose -f = -2*y - 8. List the prime factors of y.
11
Let j be (-6)/(-30) + (-51)/5. Let a = -8 - j. Suppose -3*v + 5*r + 13 = 0, -r - 59 = -5*v - a*r. What are the prime factors of v?
11
Suppose 0 = u - 4*u + 9. Suppose -u*l = 3*g - 105, -2*g = -3*g - 5*l + 23. List the prime factors of g.
2, 19
Let n = -32 - -74. List the prime factors of n.
2, 3, 7
Suppose -4*l + 20 + 0 = -3*k, -8 = 2*k. Let a = 5 - l. Suppose a*u + 2 - 11 = 0. List the prime factors of u.
3
Suppose 6*v = v + 15. What are the prime factors of v?
3
Suppose -4*p + 9*p + 30 = 5*n, -n + 2*p = -10. Suppose -n*m + 28 = -0*m. List the prime factors of m.
2, 7
Let f = 13 + -11. What are the prime factors of ((-44)/(-8))/(1/f)?
11
Suppose -p + 0 = 2. Let d be 1/(5/p + 2). List the prime factors of (1 - d)/(2/6).
3
Let q(b) = b**2 + 4*b. Let l be q(-5). Let m = 24 - 16. Suppose 10 = l*n + 2*w, -3*n - 10 = -m*n + 4*w. What are the prime factors of n?
2
Let c be (-6)/3 + 2 + -3. Let g be 1 + 9 - (-6)/c. Suppose 3*n = -n + g. What are the prime factors of n?
2
List the prime factors of -1 + (-42)/(-3)*1.
13
Let q be 6/(-4)*2/3. Let d = -1 - q. Let w = d - -8. List the prime factors of w.
2
Suppose -4*u = -10*u + 264. List the prime factors of u.
2, 11
Suppose 3*w + 0*w - 102 = 0. Suppose w = 2*u - u. What are the prime factors of u?
2, 17
Let z(r) = r**2 + 9*r + 32. What are the prime factors of z(-8)?
2, 3
Let u be -3*(-4)/6*1. Suppose -4*x + b + 48 = 5*b, -u*x + 4*b + 30 = 0. What are the prime factors of x?
13
Let n(p) = -p**3 + 7*p**2 + 5*p - 15. What are the prime factors of n(7)?
2, 5
Let j = 10 - 7. Suppose 4*l - 8 = 4*q, -j*q - 11 = -2*l - 2*l. Suppose 4*v = -4*u + 88, l*u - 3*v = -0*u + 78. What are the prime factors of u?
2, 3
Suppose 2 = -5*y - 3*q + 64, 3*y = 3*q + 18. List the prime factors of 261/5 + (-2)/y.
2, 13
Suppose 2*t - 12 - 4 = 2*k, 5*t + k - 64 = 0. Suppose -t*x + 16*x = 24. List the prime factors of x.
2, 3
Let t(k) = 1. Let y(q) = -q**2 - 3. Let o(u) = -6*t(u) - y(u). List the prime factors of o(-4).
13
Suppose 3 = -2*v + 3*u, 3*v + 0*u = -3*u + 3. Suppose 5*k = -v*k. Suppose 5*z - 3*f = -f + 50, k = z + 4*f - 32. What are the prime factors of z?
2, 3
Let h(d) = d**3 + 5*d**2 - 7*d - 5. Let c be h(-6). Suppose -4*y + 13 = 1. Suppose b = c + y. List the pr